0)*-9) is divided by 4.
3
Suppose -22*n = -30*n + 120. What is the remainder when 133 is divided by n?
13
Let w = 33 + -8. Calculate the remainder when 1314/45*5/2 is divided by w.
23
Suppose 2*z + 64 = -4*s, -5*s + z = -2*s + 58. Let j(a) = a**2 - 10*a + 17. Let l be j(12). Let b = s + l. What is the remainder when 43 is divided by b?
20
Suppose -5*o = -2*b - 86 - 425, -b = -4*o + 410. What is the remainder when o is divided by 28?
19
Let q = -27 + 43. What is the remainder when (-10)/((q/(-12))/4) is divided by 17?
13
What is the remainder when 17 is divided by ((-32)/(-10))/(46/115)?
1
Suppose -3*z + 502 = 2*t - 94, -5*t = 2*z - 1512. What is the remainder when t is divided by 44?
40
Let z(u) = u**3 + 2*u**2 + 5. Let a be z(-4). What is the remainder when 20 is divided by (-6)/a*3*18?
8
Suppose -425 = -10*h + 915. Calculate the remainder when h is divided by 20.
14
Suppose 4*a + 5*c = 10, -3 = -5*a + 3*c - 9. Suppose a*w + 4*l + 92 = 3*w, -4*l - 116 = -4*w. What is the remainder when w is divided by 2/(-3)*(-189)/14?
6
Suppose 46*g - 189 = 271. What is the remainder when 467 is divided by g?
7
Let k be 126 - (-2 + 3 + -3) - 2. Suppose 20 = 131*l - k*l. Calculate the remainder when 13 is divided by l.
1
Let o(z) = -9*z - 53. What is the remainder when 397 is divided by o(-8)?
17
Let g(b) = b + 19. Suppose y - 5*y + 136 = -5*i, 2*y = -i - 16. Let f = i + 16. What is the remainder when 43 is divided by g(f)?
10
Let c be 0 + (5 + 0 - 2). Let u(g) = 1 + 4 - 3 - 2*g**3 + c*g**3 - 2*g**2. What is the remainder when 41 is divided by u(3)?
8
Let b(x) = x**3 - 4*x**2 + x - 5. Let c be b(5). Let a = c - 10. Suppose 0 = -4*o + 59 - a. What is the remainder when 21 is divided by o?
10
Let x = 3 - 0. Let l(t) = 2*t**2 - 5*t + 9. What is the remainder when 43 is divided by l(x)?
7
Let m(n) = n**2 + 8*n + 12. Suppose 0 = -2*a - 4, a - 2 = -0*t - 2*t. Calculate the remainder when m(-7) is divided by t.
1
Let d be (-3)/(-12) + 30/8. Suppose -32 = -21*t + 31. Calculate the remainder when 34 is divided by 25/t + d/6.
7
Suppose 4*a - 99 = j, 2*a - 5*j + 30 = 93. Calculate the remainder when 34 is divided by (a/32)/((-1)/(-24)).
16
Let q(l) = -6*l - 5. Let u = 10 - 6. Suppose u*t - 48 = 4. What is the remainder when q(-7) is divided by t?
11
Suppose 0 = 4*o + 5*n - 266 + 62, -246 = -5*o - 4*n. What is the remainder when o is divided by 9?
1
Let b = 120 + -79. Let d = b - 35. Calculate the remainder when 28 is divided by d.
4
Let a(o) = o**2 + 19*o + 107. Calculate the remainder when 35 is divided by a(-10).
1
Suppose -11*l + 15*l - 12 = 0. Suppose 0 = 4*n - 4*u - 752, l*u - 97 = -n + 79. Calculate the remainder when n is divided by 31.
30
Let r = 130 - 59. What is the remainder when r is divided by (1159/(-183))/((-1)/3)?
14
Let a(n) = n**2 - 2*n + 9. What is the remainder when 276 is divided by a(6)?
12
Suppose 85 = -b + 6*b. Suppose 0 = -r - 2*r - 3*c + 183, -4*c + 16 = 0. Let g = -26 + r. Calculate the remainder when g is divided by b.
14
What is the remainder when 122 is divided by 32/(-6)*((-5577)/(-52))/(-11)?
18
Suppose 0 = 10*r + 9*r - 342. Calculate the remainder when 17/(-1)*1*-3 is divided by r.
15
Let a(y) = -2*y**3 + y**2 + 20. Calculate the remainder when 336 is divided by a(0).
16
Let y = 6 - 9. Suppose -72 = -4*u + 4*k, 4*k - 133 + 21 = -4*u. What is the remainder when 67/3*y/(-1) is divided by u?
21
Suppose -l + 4*l - 12 = 0. Suppose -10*f = -444 - 206. Suppose -l*p = p - f. What is the remainder when 35 is divided by p?
9
Let d(a) = a + 12. What is the remainder when 375 is divided by d(-4)?
7
Let m(y) = -14*y - 87. Let b = 28 + -18. Calculate the remainder when m(-9) is divided by b.
9
Suppose -1 = n + 7. Let z = n - -15. Let b(s) = 7*s - 16. Calculate the remainder when b(5) is divided by z.
5
Suppose -8 = a - 3*w - 0, 3*w = -3*a - 12. Let d(n) = -n - 2. Let o(x) = -x - 2. Let m(i) = a*o(i) + 4*d(i). Calculate the remainder when 26 is divided by m(7).
8
What is the remainder when ((-144)/(-20))/((-1)/(-20)) is divided by 70?
4
Suppose 112 = 5*u - 48. Let c = 77 - u. Let n(q) = -q**2 - 8*q. What is the remainder when c is divided by n(-6)?
9
Let v = 28 - 28. Suppose 4*u - 5*p - 32 = v, 0 = u - 6*u + 5*p + 35. Calculate the remainder when u is divided by (-8)/(-6)*3/2.
1
Suppose 5*u = 2*s - 121 + 603, u = -4*s + 92. What is the remainder when 391 is divided by u?
7
What is the remainder when 81 is divided by 4 + 2 - (-13 + 16/8)?
13
Suppose 3*n = 28 + 89. What is the remainder when 153 is divided by n?
36
Let n(a) = -59*a - 127. Calculate the remainder when n(-6) is divided by 11.
7
Let u = 144 + -172. Let x = u + 96. Calculate the remainder when 407 is divided by x.
67
Let r(n) = 7*n**2 - 2*n - 24. Calculate the remainder when r(5) is divided by 48.
45
Suppose 5*g - 22 - 8 = 0. Calculate the remainder when ((-4)/g)/((-22)/4521) is divided by 20.
17
Let o(x) = 1 + 2*x - 3*x + 2*x + 3*x - x**2. Let q be o(5). Let c = 28 + q. What is the remainder when c is divided by 5?
4
Let h(i) = 2*i**3 + 33*i**2 + 9*i - 93. Suppose 4*l + f = -0*l + 293, -f = -3*l + 225. What is the remainder when l is divided by h(-16)?
17
Let t = -70 - -66. Suppose 2*y = u + 4 + 14, 0 = -4*y - u + 48. Calculate the remainder when (-894)/(-42) + t/14 is divided by y.
10
Suppose 0 = 13*p - 2 - 37. Suppose f = 3 + 2. Suppose 5*b + f*z = -3 + 18, -3*b + 4*z + 9 = 0. What is the remainder when b is divided by p?
0
Suppose 4*r - 8 = -0*r - 4*w, 2*r + 8 = 4*w. Suppose r = -4*t + 19 + 13. What is the remainder when 39 is divided by t?
7
Let h(k) = 6*k**3 + 30*k**2 - 3*k. Calculate the remainder when 72 is divided by h(-5).
12
Let l(j) = j**3 + 2*j**2 - 5*j - 1. Let q be l(-3). Suppose -2*n + 78 = -q*n. Let v = n - -44. Calculate the remainder when 65 is divided by v.
11
Let g = 354 - 310. Let z(h) = h**2 - h + 3. Calculate the remainder when g is divided by z(4).
14
Let v be ((-9)/15 + (-8)/20)*-20. Suppose 60 = 5*u + v. Calculate the remainder when u is divided by 6.
2
Suppose -7*b + 984 = -619. Calculate the remainder when b is divided by 58.
55
Let d(m) = -2*m - 18. Let g be d(-8). What is the remainder when g/((-168)/(-57) + -3) is divided by 20?
18
Let a(r) = -2*r**2 - 21*r + 14. Let m be a(-11). Suppose 444 = u + m*u. Suppose -c - 3*c + 112 = 0. Calculate the remainder when u is divided by c.
27
Let x(j) = 8*j - 18. Let o(r) = 7*r - 17. Let n(u) = 6*o(u) - 5*x(u). Calculate the remainder when 67 is divided by n(13).
11
Suppose 0 = -2*t - 0 + 8. Suppose -104 = t*q - 5*q. Calculate the remainder when q is divided by 36.
32
Let l be ((-12)/(-5))/(14/70). Suppose 0 = 2*n - 8 - l. Suppose -38 - 52 = -5*i. Calculate the remainder when i is divided by n.
8
Let d = -21 + 1424. Calculate the remainder when d is divided by 19.
16
Let m = 31 - 34. What is the remainder when m*34*3/(-3) is divided by 26?
24
Calculate the remainder when (54/(-10))/(648/(-90) + 7) is divided by 14.
13
Let w(k) = k**3 - 11*k**2 + k - 9. Let l be w(11). Let h(r) = -r**3 + r + 2*r**2 + 6 - l*r**2 + r**2. Calculate the remainder when 17 is divided by h(0).
5
Let i = 30 - 16. Let k(u) = -39*u + 130. What is the remainder when k(2) is divided by i?
10
Let d(y) = -y**3 - 14*y**2 + 17*y + 40. What is the remainder when 189 is divided by d(-15)?
9
Suppose 62 = -2*k + 2*v + 100, 3*k = -v + 65. What is the remainder when k is divided by (-68)/(-18) - (-8)/36?
1
Suppose -373 - 273 = -17*q. Let v = -3 - -228. Calculate the remainder when v is divided by q.
35
Suppose -2*a = -5*b + 2376, 1098 = 3*b + a - 321. Calculate the remainder when b is divided by 95.
94
Let t(l) = -l + 43. Suppose 28 = w + x, 1 - 9 = 2*x. Suppose -2*g + w - 10 = 0. What is the remainder when t(13) is divided by g?
8
Let k be -2*(-1 - -55 - 1). Let q = -60 - k. Suppose 624 = 40*g + 7*g - 8*g. Calculate the remainder when q is divided by g.
14
Suppose 74 = -2*j - 0*j. Let u = j - -64. Calculate the remainder when u is divided by 15.
12
Let d = -245 + 342. What is the remainder when d is divided by ((-12)/(-9))/4*75?
22
Suppose 0*n = 5*n - 360. Suppose -4*b + b = a - 11, 2*b = 5*a - n. What is the remainder when 37 is divided by a?
9
Let q(b) = 3*b**3 - 9*b**2 - 9*b - 8. Let x(i) = -4*i**3 + 9*i**2 + 9*i + 9. Let d(u) = -5*q(u) - 4*x(u). What i